 greatest common factor of m and 5.
1
Suppose -g - 66 - 60 = -4*m, -3*g = -m + 26. What is the greatest common factor of m and 288?
32
Let l = 15536 - 9348. Calculate the greatest common factor of l and 34.
34
Suppose 0 = -3*o - a + 3*a + 47, 0 = -o - 2*a + 29. Let q be 90 - (10/(-8))/((-8)/(-32)). Calculate the highest common factor of o and q.
19
Suppose 57 = 3*c + 3*s, 5*s = c - 32 + 1. Calculate the greatest common divisor of c and 2457.
21
Let s(c) = 253*c + 3084. Let p be s(38). What is the greatest common divisor of 7 and p?
7
Suppose 3*y - 1392 + 405 = -l, 909 = 3*y - 12*l. Calculate the highest common factor of y and 9.
3
Let j = -260 + 262. Suppose -u + j*l = -364 - 367, -u - 4*l = -713. Calculate the greatest common factor of u and 25.
25
Suppose -45*j = -40*j + 35. Let u(t) = -5*t**2 - 36*t - 5. Let o be u(j). Let y be (-234)/(-4)*o - -2. What is the highest common divisor of y and 7?
7
Suppose -1521 - 366 = 17*x. Let y be x/(-5) - -1 - 41/205. Calculate the greatest common factor of y and 184.
23
Let l be (-7 + (8 - 5))/1. Let k be 6 + -1 - -3 - l. Let t be (267/k - -4)*(-80)/(-6). What is the greatest common factor of t and 35?
35
Suppose k = 1 + 8. Let c be (-1)/2 + 75/(-6) + 6. Let j = c - -16. What is the greatest common divisor of j and k?
9
Let p be (-169 - -186) + -2 + 726. Calculate the highest common factor of 104 and p.
13
Let t = 365 - 339. Suppose 3*j + y = 6*j - 2, j - 3*y = 6. Let o = t + j. What is the highest common divisor of o and 208?
26
Suppose -2622*m + 2628*m = 294. Suppose -6*q - 7 = -m. Calculate the greatest common factor of 287 and q.
7
Let i = -656886 + 656894. Suppose -5*d - 190 = -950. What is the highest common divisor of d and i?
8
Let g = -86 + 408. Let w = 17 + -3. Calculate the greatest common factor of w and g.
14
Let w(y) = -y**3 - 10*y**2 - 16*y - 24. Let m be w(-9). Let x be 3*(0 + 80/12). Suppose 3*g - 59 = -x. Calculate the greatest common factor of m and g.
13
Let o(t) = t**3 + 10*t**2 + 8*t - 16. Let z be o(-9). Let w be (-70)/245 - 394/z. What is the greatest common divisor of 224 and w?
56
Suppose -5*i + 33 + 8 = -3*y, -4*i = 4*y + 44. Let t = y + 32. Calculate the greatest common factor of t and 380.
20
Let b(o) = -16*o + 435. Let n be b(21). What is the greatest common factor of 341 and n?
11
Let j = 34 - 28. Let h(y) = y**2 + 3*y - 10. Let o be h(j). What is the greatest common divisor of 88 and o?
44
Let m = 342 - 150. Suppose -23*a + 10*a + 1287 = 0. Suppose -l = -5*l + n + a, 3*n + 57 = 2*l. Calculate the highest common divisor of l and m.
24
Let w be (-128)/1*(-1 + 2). Let i be (5/40*-10)/(4/w). Calculate the greatest common factor of 56 and i.
8
Suppose -557 - 1567 = -3*r + 3*y, -4*r + y + 2841 = 0. Suppose -r = -5*x + 524. What is the greatest common factor of 13 and x?
13
Suppose -32 + 50 = -3*l, -5*s + l = -71. What is the highest common divisor of 1937 and s?
13
Suppose 3*o - 18 = -3*z, 3*o = -z - 0*z + 12. Suppose 4*q = -z*n + 32, -3*n = -q - q - 56. Calculate the highest common divisor of 512 and n.
16
Let p be ((-9)/27)/(2/426). Let b = p + 106. Let f = b - -8. Calculate the greatest common factor of 172 and f.
43
Let l = 28252 - 26027. Calculate the greatest common divisor of 712 and l.
89
Let y(v) = -v**2 - 23*v + 160. Let c be y(5). Calculate the greatest common factor of c and 35340.
20
Let p be 2 + -1 - -102 - 4. Suppose 0*m - 4*y = 4*m + 4, m - 5 = -3*y. Let t be 8 - (-7 - 16/m). What is the highest common factor of p and t?
11
Let l(u) = 6*u + 158. Let q be l(-29). Let f be q/24*(-165)/10. What is the greatest common divisor of 176 and f?
11
Let m be (6 - -1282)/(-13*7/364*-4). Calculate the highest common divisor of 483 and m.
161
Let j(s) be the first derivative of -s**2/2 + 4*s - 185. Let m be (-219)/15 - 8/20. Let u be j(m). Calculate the highest common factor of 133 and u.
19
Suppose m - 4*m = -h + 10, 0 = -2*h + 8. Let p(f) = -2*f**3 - 4*f**2 - 7*f + 1. Let q be p(m). What is the greatest common divisor of 27 and q?
3
Let c = 39 - 24. Let f(r) = -4*r**2 + 523*r + 15068. Let l be f(155). What is the highest common divisor of l and c?
3
Suppose 5844 - 5866 = -2*z. What is the greatest common divisor of 979 and z?
11
Let g be 101 - 94 - (-6759 + -4). What is the greatest common divisor of 40 and g?
10
Let z be 14 + (-27 - -10) + 2058. Calculate the highest common factor of z and 15.
15
Let c(r) = 9*r**3 - 10*r**2 + 102*r + 40. Let m be c(10). What is the highest common factor of m and 60?
60
Let w(a) = -5*a**2 - 9*a + 16. Let f be w(-3). Let k be f*(-1587)/6 + 4. Calculate the greatest common divisor of k and 41.
41
Suppose 399 = 3*y - 222. Let a be 1/(-1*(204/y - 1)). Suppose -3*n = -a + 27. Calculate the greatest common factor of n and 98.
14
Let t be (-6)/27 - 274/(-18). Let d be (t/10)/(3/66). Suppose 2*p + 17*p - 627 = 0. Calculate the greatest common factor of p and d.
33
Suppose 89*j + 41*j - 1322426 = -12546. What is the highest common factor of 44 and j?
44
Let r be ((-3)/(-2)*-2)/((-16)/(-192)*-6). Calculate the highest common divisor of r and 1174.
2
Suppose 27*z + 625 = 9400. Let g = -76 - -89. Calculate the greatest common factor of g and z.
13
Suppose -29*s + 25*s - 5*h + 5486 = 0, s = -h + 1371. Suppose -138 - 47 = -5*d. What is the greatest common factor of s and d?
37
Suppose -23*n + 23144 + 33459 = 0. Calculate the greatest common divisor of n and 46.
23
Suppose 125 = 125*x - 1125. Calculate the highest common factor of x and 818.
2
Suppose -12*p + 16*p = -940. Let k = -192 - p. What is the greatest common divisor of 86 and k?
43
Suppose -308 = -4*u - 3*u. Let j(t) = -4*t**2 + 8 + 28*t**2 + 19*t**3 + u + 25*t - 20*t**3. Let f be j(25). What is the greatest common divisor of 13 and f?
13
Suppose -g = 3*g - 2*s - 14, -5*s + 9 = g. Suppose g*h - 408 = -5*z + 2*h, 5*h = 20. Let v = -2567 + 2587. What is the greatest common divisor of z and v?
20
Let w be (-26820)/(-84) - 7 - (-2)/28*-4. What is the greatest common divisor of w and 24?
24
Let i = -4447 - -4804. Calculate the highest common factor of 4879 and i.
119
Suppose 12 = -5*g - 8. Let s be 18*(g + (-4)/12). Let l = s + 287. Calculate the highest common divisor of l and 19.
19
Let s be 159*(-2 + 4 + -5 - -19 - 7). What is the highest common divisor of s and 459?
27
Suppose -5*a + 2*l + l = 1821, -5*l = 5*a + 1805. Let z = -282 - a. What is the greatest common divisor of 54 and z?
27
Let d be 8/(100/12 + -7). Suppose -3*m - 2420 = -d*m + 5*u, -5*m + 3*u = -4012. What is the highest common factor of 32 and m?
32
Let b(v) = -2*v**3 - 9*v**2 - 9*v - 8. Let i be b(-6). Let w(c) = -c**2 + 5*c + 22. Let x be w(2). What is the highest common factor of i and x?
14
Let d = -12030 + 15992. What is the highest common divisor of d and 35?
7
Suppose 6*g + 3*p - 286 = 8*g, 0 = 4*g + p + 572. Let v be (g/88)/(-1) - 3/(-8). What is the highest common factor of v and 9?
1
Let w be 1/4 - (3 + 6584/(-32)). Let c = 236 - w. Calculate the greatest common divisor of c and 165.
33
Let y be ((-9)/2)/((-5)/40). Suppose 0 = 3*x + y + 54. Let u = 12 - x. Calculate the highest common divisor of u and 105.
21
Suppose -148 = 17*u - 54*u. Suppose u*y = -0*y - 2*a + 502, 0 = -5*y - 2*a + 626. What is the highest common factor of 682 and y?
62
Suppose 0 = 34*u - 188 - 1580. Suppose -1532 = -4*x - 180. Calculate the highest common divisor of x and u.
26
Suppose k = 9 + 30. Suppose -41*v = -35*v + 144. Let z be -33*256/v - (-2 + 3). What is the greatest common divisor of z and k?
39
Suppose -5*k + 3*f + 372 = -39, -5*k - 5*f + 435 = 0. Calculate the highest common factor of k and 33.
3
Let s = -7776 - -7960. Calculate the highest common factor of 24 and s.
8
Let k(b) = -3*b. Let u be k(-4). Let o(l) = -96*l + 577. Let a be o(-6). Let g = -1149 + a. Calculate the highest common factor of g and u.
4
Suppose -62 = -i + 3*j, -1 = -j + 1. Let y = 2521 - 2385. What is the greatest common divisor of i and y?
68
Let v be 369/1*(-6)/18. Let j = -48 - v. What is the highest common divisor of j and 15?
15
Let c = 18 - 4. Suppose 2737 = 19*d + 343. Calculate the highest common factor of d and c.
14
Suppose 4890 = 109*h - 4355 - 347. Calculate the highest common divisor of 979 and h.
11
Let m be -2*11/((-88)/(-224)). Let w be (-8 + (-288